3 + 8*k**3 - 7*k - 6 + 0. Calculate b(-4).
7
Let i(c) = c**2 - c - 1. Let w be i(3). Let s(u) = u - 7. Let p be s(w). Let h(k) = k**3 - 2*k. Determine h(p).
-4
Suppose 4*m - 4*f = -m + 7, 4*f = -5*m + 23. Let a(s) = -s**3 + 3*s**2 + 1. Determine a(m).
1
Suppose 0 = -2*p + 19 - 23. Let b(i) = 4*i**2 - 1. What is b(p)?
15
Let k(u) = 1. Let z(j) = -16*j**3 - 2*j**2 + 7. Let s(m) = -6*k(m) + z(m). Calculate s(1).
-17
Let a(j) = -2*j**2. Let s(v) be the third derivative of 7/6*v**3 - 2*v**2 + 0*v + 0 - 1/6*v**4 - 1/60*v**5. Let h be s(-5). Calculate a(h).
-8
Suppose 0 = 5*i + 14 - 4. Let n(w) = -w**3 - w**2 + w. Let a(r) = 8*r**3 - 3*r**2 + 4*r - 1. Let c(f) = i*n(f) + a(f). Suppose 2*g = 4 - 2. Determine c(g).
10
Let y(p) = -p + 7. Let w be (-1 - 4)/(2/10). Let u be (w/(-15))/(4/12). What is y(u)?
2
Let n(b) = b**2 + 10*b - 1. Let z(g) = g**2 + 5*g. Let p(d) = -3*n(d) + 5*z(d). Give p(4).
15
Suppose 2*i + 0*i - 6 = 0. Let h(u) = -u + i - 5 + 5. Let o(a) = -a**3 + 2*a**2 - a - 2. Let r be o(2). Determine h(r).
7
Let b(x) = 5*x**2 - 3 - 35*x - x**3 + 0*x**3 + 16*x + 18*x. Let h = 5 - 0. Calculate b(h).
-8
Let l(u) be the third derivative of u**5/60 - u**4/24 - u**3/3 + u**2. Let q = 64 - 62. Calculate l(q).
0
Suppose 2*u + 2*t = -14, -3*u + 3*t - 15 + 0 = 0. Let z(m) = -4 + 0 - m + 0. Determine z(u).
2
Let b(j) = -j + 7. Let u(g) = -15*g + 16. Let x(n) = 7*n - 8. Let o(k) = -6*u(k) - 13*x(k). Let l(t) = -4*b(t) + 3*o(t). What is l(0)?
-4
Let i(q) = q - 7. Suppose -5*a - 45 = 5*g, 0 = 4*g + 2*a + 27 - 1. Let u(k) = -k + 6. Let n(z) = g*i(z) - 5*u(z). Let b be (-2)/(-4)*(5 - -1). Give n(b).
1
Let r(i) = i - 8. Let p be r(7). Let b = p - -3. Let w(u) = 2 - b*u - 2*u + 1. Determine w(2).
-5
Let g(c) = 2*c**2 - 5*c - 3. Let r be ((-2)/(-2))/((-1)/(-4)). Give g(r).
9
Let v = -17 + 8. Let o = 13 + v. Let b(g) = -g**2 + 5*g - 1. What is b(o)?
3
Let p(s) = -s**3 + s**2 + s. Let n(b) = 3*b**3 - 8*b**2 - b - 1. Let l(f) = -n(f) - 4*p(f). What is l(-3)?
19
Let d be (10/4 - 0)*44/55. Let l(q) = q**2 - 3*q + 3. Determine l(d).
1
Let j(h) = -2*h**2 + 5*h + 4. Suppose 5*b - 2*p - 3 = 21, -5*b + p = -22. Give j(b).
-8
Let w(i) be the second derivative of -i**3/6 - i**2/2 + 2*i. Give w(-7).
6
Let h be (-6)/(-5)*15/6. Suppose -h*g = -g + 8. Let j(y) be the first derivative of -y**2 - 2*y + 3. Give j(g).
6
Let j(c) be the third derivative of 1/8*c**4 - 5*c**2 + 0 - 1/6*c**3 + 0*c. Determine j(-3).
-10
Suppose 34 = 4*s + 5*c, -3*s + 3*c + 26 = 7*c. Let g(f) = f**3 - 7*f**2 + 4*f + 3. Determine g(s).
-9
Let t(h) = h**3 + 5*h**2 - 2*h - 5. Suppose 0*o = -4*u - 3*o - 35, 5*u - o = -20. What is t(u)?
5
Let l(p) = 2*p + 6. Let r = -8 - -8. Suppose -22*i + 25*i + 18 = r. Calculate l(i).
-6
Let v(j) = 2*j**2 - 3*j - 3. Suppose 2*n = -3*n + 4*r - 2, n + 5*r = 17. Suppose 6 = -k - n*k. Calculate v(k).
11
Let r(x) = -3*x + 5*x**2 + 6*x**3 - 5*x**3 + 3 + 0*x**3. What is r(-6)?
-15
Let g(h) be the second derivative of 1/20*h**5 - 2*h**2 - h + 0 + 0*h**3 - 5/12*h**4. Let y = -3 - -8. Calculate g(y).
-4
Let b(i) be the first derivative of i**2 + 8*i + 4. Calculate b(-6).
-4
Let h(q) = q - 5. Let f(c) = -c + 6. Let x(v) = 6*f(v) + 5*h(v). What is x(8)?
3
Let q(d) = -16*d**2 + 6*d**2 + 2*d**2 + 3*d**2 + 5*d - d**3. What is q(-6)?
6
Let r(t) be the third derivative of 0*t + 1/12*t**5 + 0 + 1/3*t**3 - 1/120*t**6 + 1/3*t**4 - 9*t**2. What is r(6)?
14
Let h = 0 - 4. Let c(q) be the first derivative of q**2 - 2*q - 4. Give c(h).
-10
Let m(i) = i**3 - 3*i**3 - 7*i**3. Suppose 5 = -2*b + t, 0 = 3*b + 2*t - 1 - 2. Calculate m(b).
9
Let y(c) = c**2 + 0*c + 2*c + 6 + 6*c - 2*c. Give y(-6).
6
Let k(g) = -2*g**2 + g - 5. Let b(a) = 5*a**2 - 2*a + 15. Let n(f) = -3*b(f) - 8*k(f). Suppose 0 = 2*c + 3*c - 10. Suppose -c = -5*x + 18. Calculate n(x).
3
Let r = 1 + -6. Let k(x) = 2 - x**3 + 3*x**3 - x**3 + 7*x**2 - 3*x**2 - 4*x. Calculate k(r).
-3
Suppose -5*q + 2 = -o - 15, 3*q + 2*o = 5. Suppose 3*h + 3*k - 9 = 0, 0 = -3*h + k - 0*k + 1. Let d(m) = -1 - h + 2*m + 0*m - 1. Determine d(q).
3
Let r(k) = 5*k**3 - 6*k**2 + 4*k - 8. Let v(w) = 9*w**3 - 12*w**2 + 7*w - 16. Let u(f) = -11*r(f) + 6*v(f). Determine u(-6).
4
Let i = -93 - -87. Let k(y) = y + 8. What is k(i)?
2
Suppose -4 = 6*h - 28. Let a(p) be the first derivative of -h*p + 3 - 1/2*p**2. What is a(0)?
-4
Let l = 13 - 12. Let r(d) = 5*d**2 - 3 + l + 1 - 14*d**2. Determine r(-1).
-10
Let c(b) = 2*b - 7. Let f be c(7). Let i(o) = -f + o**2 - o - o - 2*o + 5*o. Determine i(0).
-7
Let z be 2/(-2 - (-3)/2). Let k = -3 - -5. Let h(q) = 4*q - 4*q**2 - k*q + 0 + 0*q + 3 - q**3. Determine h(z).
-5
Let n(b) be the first derivative of -b**4/4 + 4*b**3/3 - b**2/2 + 2*b - 10. Give n(2).
8
Let w(j) = j**2 + j + 1. Suppose 7*p - 3*p - 28 = 0. Let c(d) be the first derivative of d**2/2 - 8*d + 45. Let t be c(p). Calculate w(t).
1
Let g be (11 + (2 - 1))/(-1). Let s be (-3)/g - (-1)/(-4). Suppose 3*o + 9 = -s*o. Let i(z) = -z**3 - 5*z**2 - 2*z + 3. Calculate i(o).
-9
Let j(q) = 22*q**2 - 1 - 2*q - 12*q**2 - 13*q**2. Determine j(-1).
-2
Let t(i) = -4*i**2 - i - 1. Let q be t(-1). Let g(c) = c**2 + 6*c + 3. Calculate g(q).
-5
Suppose 0 = -3*h - 2 - 4. Let p(y) be the first derivative of y - 4*y - 2 - 3*y**2 + 4. Determine p(h).
9
Suppose -5 = -2*r - 1. Let c(s) = s - 2*s**2 + 4 + 2*s**r + s**2 + 3*s. Give c(-4).
4
Let c be 5 + -9 - (0 - 6). Let k(g) = 0 + 3 - c*g - 1. Give k(2).
-2
Let o(w) be the first derivative of -w**2 - 2 + 5 + 0. Calculate o(-2).
4
Suppose -4*a + 4 = -2*b, -5*b + 2*a - 5*a = -16. Let z(c) be the third derivative of c**6/120 - c**5/60 + c**4/12 + c**3/6 - c**2. Determine z(b).
9
Let g(w) = 3*w - 1. Suppose 8*n + 10 = 13*n. Calculate g(n).
5
Suppose r - 2*r + 4 = 0. Suppose -j + r*o = -o - 30, 6 = -3*o. Suppose -2*t = -7*t + j. Let x(y) = y**3 - 3*y**2 - 3*y - 2. Give x(t).
2
Let o(g) be the first derivative of -2 - 5/3*g**3 - 1/4*g**4 - 6*g - 3/2*g**2. Calculate o(-5).
9
Let v(h) be the third derivative of -h**4/4 + h**3/6 - 6*h**2. Let g = 5 + -4. Determine v(g).
-5
Let x(l) = -l**3 - 3*l**2 + 2*l + 4. Let w be x(-3). Let j(p) = 2*p + 2. Calculate j(w).
-2
Let f(l) = l**2 + 3*l + 3. Let w(y) = -2*y**3 - y**2 + y - 1. Let x be w(-2). Let p = x + -13. Give f(p).
7
Let x(f) = 2*f**2 - f. Let v(p) = -2*p**2 + p**3 - p**3 - p**3 + 2. Let b be v(-2). Determine x(b).
6
Let q(m) = -m**2 + 5*m + 7. Suppose -40 = -3*s + 3*c - 2*c, 5*s + 4*c = 44. Let a = s + -7. Calculate q(a).
7
Let y = 2 + 1. Let w(c) = -c**2 + 3*c + 2. Calculate w(y).
2
Suppose 5*q + 5 = -5*t, -2*q + 39 + 1 = -5*t. Let o(k) = k + 1. What is o(t)?
-5
Suppose -2*j - 1 = -7. Let z = -3 + j. Let y(p) = p**3 - p - 3. Calculate y(z).
-3
Suppose 2*k - 11 = k + 3*j, -10 = -2*k + 2*j. Suppose 2*s = 3*s - k. Let w(l) = -l**2 - 2*l. Give w(s).
-8
Let z(g) = -g**3 - 1. Let m be 1/(-3) + 0 - (-4)/(-6). Calculate z(m).
0
Let r be (-12)/(-16) + (-15)/4. Let k = 4 + -4. Let s(t) = -t**3 - t - 4*t**2 - 1 + k - 2. Calculate s(r).
-9
Let a(o) = -o**2 - 24*o + 25. Let h be a(-25). Let t(r) be the third derivative of h - 1/12*r**4 - 1/6*r**3 + 0*r - 2*r**2 - 1/15*r**5. Give t(-1).
-3
Let j(d) = 4*d - 3. Let w be 5/(0 - -5) + 2. Give j(w).
9
Let p(g) = -2*g + 5. Let o(v) = -v**3 - 14*v**2 - 2*v - 21. Let q be o(-14). Give p(q).
-9
Suppose -3*s + 4*s - 5 = 0. Let r(w) = 4 - 46*w**2 + 7*w + 45*w**2 - 7. Give r(s).
7
Let v be (-1 + 1)*4/(-8). Let h(i) = -3*i**3 + v - 1 - 5*i + 5*i**2 + 2*i**3. Suppose 4*b - 4*c - 28 = 0, -3*b + 3*c = -b - 17. Determine h(b).
-5
Let h(j) be the first derivative of -3 + 6*j - 3/2*j**2. Calculate h(5).
-9
Let l(b) = 6*b + 0*b**2 - 3 + 0*b**2 - b**2. Give l(4).
5
Let i(j) = j**3 - j + 6. Let d be 6/(-60)*-5 + (-2)/4. Calculate i(d).
6
Let b(w) be the third derivative of 0 + 7*w**2 - 3/2*w**3 + 3/8*w**4 - 1/60*w**5 + 0*w. Calculate b(6).
9
Suppose t + 16 = 3*t - 2*x, 3 = 3*t + 4*x. Let n be (1*2)/((-6)/(-12)). Suppose -7 - t = n*w. Let k(d) = -2*d - 2. Calculate k(w).
4
Let u(a) = -3*a - 1. Let y be u(-1). Let t(w) = 0*w**2 - w**2 + y*w + 2*w. Suppose 3*q = -s - 0*q + 3, 0 = 3*s + 4*q - 9. Give t(s).
3
Let u(h) be the first derivative of h**2/2 + 3*h + 23. Give u(0).
3
Let r(t) be the first derivative of -t**4/2 + t**3/3 - t + 1. Suppose 3*v = -4*l - 3 + 11, -l + 4*v + 2 =